{"id":374,"date":"2024-12-07T11:06:41","date_gmt":"2024-12-07T10:06:41","guid":{"rendered":"https:\/\/rezervace.nala.cz\/?page_id=374"},"modified":"2026-01-28T15:45:00","modified_gmt":"2026-01-28T14:45:00","slug":"vraceni-a-vymena-zbozi","status":"publish","type":"page","link":"https:\/\/rezervace.nala.cz\/en\/vraceni-a-vymena-zbozi\/","title":{"rendered":"Vr\u00e1cen\u00ed a v\u00fdm\u011bna zbo\u017e\u00ed"},"content":{"rendered":"<style>.kb-row-layout-id374_4e6315-fa > .kt-row-column-wrap{align-content:start;}:where(.kb-row-layout-id374_4e6315-fa > .kt-row-column-wrap) > .wp-block-kadence-column{justify-content:start;}.kb-row-layout-id374_4e6315-fa > .kt-row-column-wrap{column-gap:var(--global-kb-gap-md, 2rem);row-gap:var(--global-kb-gap-md, 2rem);max-width:var( --global-content-width, 1250px );padding-left:var(--global-content-edge-padding);padding-right:var(--global-content-edge-padding);padding-top:var(--global-kb-spacing-sm, 1.5rem);padding-bottom:var(--global-kb-spacing-sm, 1.5rem);grid-template-columns:minmax(0, 1fr);}.kb-row-layout-id374_4e6315-fa > .kt-row-layout-overlay{opacity:0.30;}@media all and (max-width: 1024px){.kb-row-layout-id374_4e6315-fa > .kt-row-column-wrap{grid-template-columns:minmax(0, 1fr);}}@media all and (max-width: 767px){.kb-row-layout-id374_4e6315-fa > .kt-row-column-wrap{grid-template-columns:minmax(0, 1fr);}}<\/style><div class=\"kb-row-layout-wrap kb-row-layout-id374_4e6315-fa alignnone wp-block-kadence-rowlayout\"><div class=\"kt-row-column-wrap kt-has-1-columns kt-row-layout-equal kt-tab-layout-inherit kt-mobile-layout-row kt-row-valign-top kb-theme-content-width\">\n<style>.kadence-column374_295204-89 > .kt-inside-inner-col,.kadence-column374_295204-89 > .kt-inside-inner-col:before{border-top-left-radius:0px;border-top-right-radius:0px;border-bottom-right-radius:0px;border-bottom-left-radius:0px;}.kadence-column374_295204-89 > .kt-inside-inner-col{column-gap:var(--global-kb-gap-sm, 1rem);}.kadence-column374_295204-89 > .kt-inside-inner-col{flex-direction:column;}.kadence-column374_295204-89 > .kt-inside-inner-col > .aligncenter{width:100%;}.kadence-column374_295204-89 > .kt-inside-inner-col:before{opacity:0.3;}.kadence-column374_295204-89{position:relative;}@media all and (max-width: 1024px){.kadence-column374_295204-89 > .kt-inside-inner-col{flex-direction:column;justify-content:center;}}@media all and (max-width: 767px){.kadence-column374_295204-89 > .kt-inside-inner-col{flex-direction:column;justify-content:center;}}<\/style>\n<div class=\"wp-block-kadence-column kadence-column374_295204-89\"><div class=\"kt-inside-inner-col\"><style>.wp-block-kadence-advancedheading.kt-adv-heading374_23b384-cd, .wp-block-kadence-advancedheading.kt-adv-heading374_23b384-cd[data-kb-block=\"kb-adv-heading374_23b384-cd\"]{font-style:normal;font-family:var( --global-heading-font-family, inherit );}.wp-block-kadence-advancedheading.kt-adv-heading374_23b384-cd mark.kt-highlight, .wp-block-kadence-advancedheading.kt-adv-heading374_23b384-cd[data-kb-block=\"kb-adv-heading374_23b384-cd\"] mark.kt-highlight{font-style:normal;color:#f76a0c;-webkit-box-decoration-break:clone;box-decoration-break:clone;padding-top:0px;padding-right:0px;padding-bottom:0px;padding-left:0px;}.wp-block-kadence-advancedheading.kt-adv-heading374_23b384-cd img.kb-inline-image, .wp-block-kadence-advancedheading.kt-adv-heading374_23b384-cd[data-kb-block=\"kb-adv-heading374_23b384-cd\"] img.kb-inline-image{width:150px;vertical-align:baseline;}<\/style>\n<h4 class=\"kt-adv-heading374_23b384-cd wp-block-kadence-advancedheading has-theme-palette-1-color has-text-color\" data-kb-block=\"kb-adv-heading374_23b384-cd\"><strong>STORNO PODM\u00cdNKY &#8211; ZRU\u0160EN\u00cd \u00da\u010cASTI a VR\u00c1CEN\u00cd VSTUPN\u00c9HO:<\/strong><\/h4>\n\n\n<style>.wp-block-kadence-advancedheading.kt-adv-heading374_61b8c1-9c, .wp-block-kadence-advancedheading.kt-adv-heading374_61b8c1-9c[data-kb-block=\"kb-adv-heading374_61b8c1-9c\"]{padding-top:var(--global-kb-spacing-xs, 1rem);font-style:normal;font-family:var( --global-body-font-family, inherit );}.wp-block-kadence-advancedheading.kt-adv-heading374_61b8c1-9c mark.kt-highlight, .wp-block-kadence-advancedheading.kt-adv-heading374_61b8c1-9c[data-kb-block=\"kb-adv-heading374_61b8c1-9c\"] mark.kt-highlight{font-style:normal;color:var(--global-palette1, #3182CE);-webkit-box-decoration-break:clone;box-decoration-break:clone;padding-top:0px;padding-right:0px;padding-bottom:0px;padding-left:0px;}.wp-block-kadence-advancedheading.kt-adv-heading374_61b8c1-9c img.kb-inline-image, .wp-block-kadence-advancedheading.kt-adv-heading374_61b8c1-9c[data-kb-block=\"kb-adv-heading374_61b8c1-9c\"] img.kb-inline-image{width:150px;vertical-align:baseline;}<\/style>\n<p class=\"kt-adv-heading374_61b8c1-9c wp-block-kadence-advancedheading\" data-kb-block=\"kb-adv-heading374_61b8c1-9c\"><strong>1. Zru\u0161en\u00ed \u00fa\u010dasti \u00da\u010cASTN\u00cdKEM:<\/strong><br>\u00fa\u010dastn\u00edk za\u0161le p\u00edsemnou \u017e\u00e1dost na <a href=\"mailto:info@nala.cz\" target=\"_blank\" rel=\"noreferrer noopener\">info@nala.cz<\/a> (po\u0159adateli Centrum Nala) nejpozd\u011bji do <mark true=\"true\" class=\"kt-highlight\"><strong>24.2.2026 <\/strong><\/mark><strong><mark true=\"true\" class=\"kt-highlight\">23:59h.<\/mark><\/strong> Po\u0159adatel na z\u00e1klad\u011b t\u00e9to \u017e\u00e1dosti vr\u00e1t\u00ed \u00fa\u010dastn\u00edkovi celou uhrazenou \u010d\u00e1stku zp\u011bt nejpozd\u011bji do 14-ti dn\u016f.<br>Od 25.2.2026 ji\u017e nen\u00ed mo\u017en\u00e9 vr\u00e1tit vstupn\u00e9 &#8211; od tohoto data po\u0159adateli ji\u017e vznikaj\u00ed n\u00e1klady.<br><br><strong>2. Zru\u0161en\u00ed \u00fa\u010dasti PO\u0158ADATELEM &#8211; Centrum Nala:<\/strong><br>po\u0159adatel vr\u00e1t\u00ed \u00fa\u010dastn\u00edkovi uhrazen\u00e9 vstupn\u00e9 do 14-ti dn\u016f od zru\u0161en\u00ed akce.<br>\u00a0<br>D\u011bkujeme t\u00fdm Nala.<\/p>\n<\/div><\/div>\n\n<\/div><\/div>","protected":false},"excerpt":{"rendered":"<p>STORNO PODM\u00cdNKY &#8211; ZRU\u0160EN\u00cd \u00da\u010cASTI a VR\u00c1CEN\u00cd VSTUPN\u00c9HO: 1. Zru\u0161en\u00ed \u00fa\u010dasti \u00da\u010cASTN\u00cdKEM:\u00fa\u010dastn\u00edk za\u0161le p\u00edsemnou \u017e\u00e1dost na info@nala.cz (po\u0159adateli Centrum Nala) nejpozd\u011bji do 24.2.2026 23:59h. Po\u0159adatel na z\u00e1klad\u011b t\u00e9to \u017e\u00e1dosti vr\u00e1t\u00ed \u00fa\u010dastn\u00edkovi celou uhrazenou \u010d\u00e1stku zp\u011bt nejpozd\u011bji do 14-ti dn\u016f.Od 25.2.2026 ji\u017e nen\u00ed mo\u017en\u00e9 vr\u00e1tit vstupn\u00e9 &#8211; od tohoto data po\u0159adateli ji\u017e vznikaj\u00ed n\u00e1klady. 2. Zru\u0161en\u00ed&#8230;<\/p>","protected":false},"author":6,"featured_media":0,"parent":0,"menu_order":1,"comment_status":"closed","ping_status":"closed","template":"","meta":{"_acf_changed":false,"_kad_blocks_custom_css":"","_kad_blocks_head_custom_js":"","_kad_blocks_body_custom_js":"","_kad_blocks_footer_custom_js":"","_kad_post_transparent":"","_kad_post_title":"","_kad_post_layout":"","_kad_post_sidebar_id":"","_kad_post_content_style":"","_kad_post_vertical_padding":"","_kad_post_feature":"","_kad_post_feature_position":"","_kad_post_header":false,"_kad_post_footer":false,"_kad_post_classname":"","footnotes":""},"class_list":["post-374","page","type-page","status-publish","hentry"],"acf":[],"taxonomy_info":[],"featured_image_src_large":false,"author_info":{"display_name":"Leo Grzyb","author_link":"https:\/\/rezervace.nala.cz\/en\/author\/leo-nala\/"},"comment_info":0,"_links":{"self":[{"href":"https:\/\/rezervace.nala.cz\/en\/wp-json\/wp\/v2\/pages\/374","targetHints":{"allow":["GET"]}}],"collection":[{"href":"https:\/\/rezervace.nala.cz\/en\/wp-json\/wp\/v2\/pages"}],"about":[{"href":"https:\/\/rezervace.nala.cz\/en\/wp-json\/wp\/v2\/types\/page"}],"author":[{"embeddable":true,"href":"https:\/\/rezervace.nala.cz\/en\/wp-json\/wp\/v2\/users\/6"}],"replies":[{"embeddable":true,"href":"https:\/\/rezervace.nala.cz\/en\/wp-json\/wp\/v2\/comments?post=374"}],"version-history":[{"count":8,"href":"https:\/\/rezervace.nala.cz\/en\/wp-json\/wp\/v2\/pages\/374\/revisions"}],"predecessor-version":[{"id":3490,"href":"https:\/\/rezervace.nala.cz\/en\/wp-json\/wp\/v2\/pages\/374\/revisions\/3490"}],"wp:attachment":[{"href":"https:\/\/rezervace.nala.cz\/en\/wp-json\/wp\/v2\/media?parent=374"}],"curies":[{"name":"wp","href":"https:\/\/api.w.org\/{rel}","templated":true}]}}

Vrácení a výměna zboží

<style>.kb-row-layout-id374_4e6315-fa > .kt-row-column-wrap{align-content:start;}:where(.kb-row-layout-id374_4e6315-fa > .kt-row-column-wrap) > .wp-block-kadence-column{justify-content:start;}.kb-row-layout-id374_4e6315-fa > .kt-row-column-wrap{column-gap:var(--global-kb-gap-md, 2rem);row-gap:var(--global-kb-gap-md, 2rem);max-width:var( --global-content-width, 1250px );padding-left:var(--global-content-edge-padding);padding-right:var(--global-content-edge-padding);padding-top:var(--global-kb-spacing-sm, 1.5rem);padding-bottom:var(--global-kb-spacing-sm, 1.5rem);grid-template-columns:minmax(0, 1fr);}.kb-row-layout-id374_4e6315-fa > .kt-row-layout-overlay{opacity:0.30;}@media all and (max-width: 1024px){.kb-row-layout-id374_4e6315-fa > .kt-row-column-wrap{grid-template-columns:minmax(0, 1fr);}}@media all and (max-width: 767px){.kb-row-layout-id374_4e6315-fa > .kt-row-column-wrap{grid-template-columns:minmax(0, 1fr);}}</style><div class="kb-row-layout-wrap kb-row-layout-id374_4e6315-fa alignnone wp-block-kadence-rowlayout"><div class="kt-row-column-wrap kt-has-1-columns kt-row-layout-equal kt-tab-layout-inherit kt-mobile-layout-row kt-row-valign-top kb-theme-content-width">
<style>.kadence-column374_295204-89 > .kt-inside-inner-col,.kadence-column374_295204-89 > .kt-inside-inner-col:before{border-top-left-radius:0px;border-top-right-radius:0px;border-bottom-right-radius:0px;border-bottom-left-radius:0px;}.kadence-column374_295204-89 > .kt-inside-inner-col{column-gap:var(--global-kb-gap-sm, 1rem);}.kadence-column374_295204-89 > .kt-inside-inner-col{flex-direction:column;}.kadence-column374_295204-89 > .kt-inside-inner-col > .aligncenter{width:100%;}.kadence-column374_295204-89 > .kt-inside-inner-col:before{opacity:0.3;}.kadence-column374_295204-89{position:relative;}@media all and (max-width: 1024px){.kadence-column374_295204-89 > .kt-inside-inner-col{flex-direction:column;justify-content:center;}}@media all and (max-width: 767px){.kadence-column374_295204-89 > .kt-inside-inner-col{flex-direction:column;justify-content:center;}}</style>
<div class="wp-block-kadence-column kadence-column374_295204-89"><div class="kt-inside-inner-col"><style>.wp-block-kadence-advancedheading.kt-adv-heading374_23b384-cd, .wp-block-kadence-advancedheading.kt-adv-heading374_23b384-cd[data-kb-block="kb-adv-heading374_23b384-cd"]{font-style:normal;font-family:var( --global-heading-font-family, inherit );}.wp-block-kadence-advancedheading.kt-adv-heading374_23b384-cd mark.kt-highlight, .wp-block-kadence-advancedheading.kt-adv-heading374_23b384-cd[data-kb-block="kb-adv-heading374_23b384-cd"] mark.kt-highlight{font-style:normal;color:#f76a0c;-webkit-box-decoration-break:clone;box-decoration-break:clone;padding-top:0px;padding-right:0px;padding-bottom:0px;padding-left:0px;}.wp-block-kadence-advancedheading.kt-adv-heading374_23b384-cd img.kb-inline-image, .wp-block-kadence-advancedheading.kt-adv-heading374_23b384-cd[data-kb-block="kb-adv-heading374_23b384-cd"] img.kb-inline-image{width:150px;vertical-align:baseline;}</style>
<h4 class="kt-adv-heading374_23b384-cd wp-block-kadence-advancedheading has-theme-palette-1-color has-text-color" data-kb-block="kb-adv-heading374_23b384-cd"><strong>STORNO PODMÍNKY &#8211; ZRUŠENÍ ÚČASTI a VRÁCENÍ VSTUPNÉHO:</strong></h4>


<style>.wp-block-kadence-advancedheading.kt-adv-heading374_61b8c1-9c, .wp-block-kadence-advancedheading.kt-adv-heading374_61b8c1-9c[data-kb-block="kb-adv-heading374_61b8c1-9c"]{padding-top:var(--global-kb-spacing-xs, 1rem);font-style:normal;font-family:var( --global-body-font-family, inherit );}.wp-block-kadence-advancedheading.kt-adv-heading374_61b8c1-9c mark.kt-highlight, .wp-block-kadence-advancedheading.kt-adv-heading374_61b8c1-9c[data-kb-block="kb-adv-heading374_61b8c1-9c"] mark.kt-highlight{font-style:normal;color:var(--global-palette1, #3182CE);-webkit-box-decoration-break:clone;box-decoration-break:clone;padding-top:0px;padding-right:0px;padding-bottom:0px;padding-left:0px;}.wp-block-kadence-advancedheading.kt-adv-heading374_61b8c1-9c img.kb-inline-image, .wp-block-kadence-advancedheading.kt-adv-heading374_61b8c1-9c[data-kb-block="kb-adv-heading374_61b8c1-9c"] img.kb-inline-image{width:150px;vertical-align:baseline;}</style>
<p class="kt-adv-heading374_61b8c1-9c wp-block-kadence-advancedheading" data-kb-block="kb-adv-heading374_61b8c1-9c"><strong>1. Zrušení účasti ÚČASTNÍKEM:</strong><br>účastník zašle písemnou žádost na <a href="mailto:info@nala.cz" target="_blank" rel="noreferrer noopener">info@nala.cz</a> (pořadateli Centrum Nala) nejpozději do <mark true="true" class="kt-highlight"><strong>24.2.2026 </strong></mark><strong><mark true="true" class="kt-highlight">23:59h.</mark></strong> Pořadatel na základě této žádosti vrátí účastníkovi celou uhrazenou částku zpět nejpozději do 14-ti dnů.<br>Od 25.2.2026 již není možné vrátit vstupné &#8211; od tohoto data pořadateli již vznikají náklady.<br><br><strong>2. Zrušení účasti POŘADATELEM &#8211; Centrum Nala:</strong><br>pořadatel vrátí účastníkovi uhrazené vstupné do 14-ti dnů od zrušení akce.<br> <br>Děkujeme tým Nala.</p>
</div></div>

</div></div>

<p>STORNO PODMÍNKY &#8211; ZRUŠENÍ ÚČASTI a VRÁCENÍ VSTUPNÉHO: 1. Zrušení účasti ÚČASTNÍKEM:účastník zašle písemnou žádost na info@nala.cz (pořadateli Centrum Nala) nejpozději do 24.2.2026 23:59h. Pořadatel na základě této žádosti vrátí účastníkovi celou uhrazenou částku zpět nejpozději do 14-ti dnů.Od 25.2.2026 již není možné vrátit vstupné &#8211; od tohoto data pořadateli již vznikají náklady. 2. Zrušení&#8230;</p>
